{"id":20,"date":"2022-05-14T12:45:13","date_gmt":"2022-05-14T12:45:13","guid":{"rendered":"https:\/\/tvholzheim.de\/wordpress\/?page_id=20"},"modified":"2025-04-23T09:26:47","modified_gmt":"2025-04-23T09:26:47","slug":"startseite","status":"publish","type":"page","link":"https:\/\/freibad.tvholzheim.de\/freibad\/","title":{"rendered":"Startseite"},"content":{"rendered":"\n<p class=\"has-medium-font-size\"><strong>Herzlich Willkommen im Friederike Wackler Freibad<\/strong><\/p>\n\n\n\n<hr class=\"wp-block-separator has-css-opacity\"\/>\n\n\n\n<h1 class=\"wp-block-heading has-ast-global-color-1-color has-text-color\">Das Friederike Wackler Freibad \u00f6ffnet die Tore \u2026<\/h1>\n\n\n\n<p>die geplante \u00d6ffnung ist f\u00fcr <strong>Sonntag, 01.06.2025<\/strong>  vorgesehen.<\/p>\n\n\n\n<p>Sofern die Vorbereitungen planm\u00e4\u00dfig ablaufen und uns keine b\u00f6sen \u00dcberraschungen erwarten, werden wir am &#8222;Maientags-Sonntag&#8220; die Toren \u00f6ffnen.<br>Wir freuen uns wieder auf viele, gutgelaunte Badeg\u00e4ste, die in unserem &#8222;B\u00e4dle&#8220; Entspannung, Spa\u00df und Sport finden.<\/p>\n\n\n\n<p>Eurer Freibadteam<\/p>\n\n\n\n<hr class=\"wp-block-separator has-alpha-channel-opacity\"\/>\n\n\n<div class=\"pgc-sgb-cb wp-block-pgcsimplygalleryblock-slider \" data-gallery-id=\"a1b68360\" style=\"min-height:500px\"><div class=\"sgb-preloader\" id=\"pr_a1b68360\">\n\t<div class=\"sgb-square\" style=\"background:#d4d4d4\"><\/div>\n\t<div class=\"sgb-square\" style=\"background:#d4d4d4\"><\/div>\n\t<div class=\"sgb-square\" style=\"background:#d4d4d4\"><\/div>\n\t<div class=\"sgb-square\" style=\"background:#d4d4d4\"><\/div><\/div><div class=\"simply-gallery-amp pgc_sgb_slider \" style=\"display: none;\"><div class=\"sgb-gallery\"><div class=\"sgb-item\"><a href=\"https:\/\/freibad.tvholzheim.de\/freibad\/startseite\/freibad_2021\/\" target=\"_blank\"><img decoding=\"async\" alt=\"\" width=\"300\" height=\"225\" loading=\"lazy\" src=\"https:\/\/freibad.tvholzheim.de\/freibad\/wp-content\/uploads\/2022\/05\/Freibad_2021-300x225.jpg\" srcset=\"https:\/\/freibad.tvholzheim.de\/freibad\/wp-content\/uploads\/2022\/05\/Freibad_2021-300x225.jpg 300w,https:\/\/freibad.tvholzheim.de\/freibad\/wp-content\/uploads\/2022\/05\/Freibad_2021-1024x768.jpg 1024w,https:\/\/freibad.tvholzheim.de\/freibad\/wp-content\/uploads\/2022\/05\/Freibad_2021.jpg 1440w\" sizes=\"250px\"\/><\/a><\/div><div class=\"sgb-item\"><a href=\"https:\/\/freibad.tvholzheim.de\/freibad\/startseite\/dcim100mediadji_0466-jpg\/\" target=\"_blank\"><img decoding=\"async\" alt=\"\" width=\"300\" height=\"169\" loading=\"lazy\" src=\"https:\/\/freibad.tvholzheim.de\/freibad\/wp-content\/uploads\/2022\/05\/Freibad_LB_01_2020-300x169.jpg\" srcset=\"https:\/\/freibad.tvholzheim.de\/freibad\/wp-content\/uploads\/2022\/05\/Freibad_LB_01_2020-300x169.jpg 300w,https:\/\/freibad.tvholzheim.de\/freibad\/wp-content\/uploads\/2022\/05\/Freibad_LB_01_2020-1024x576.jpg 1024w,https:\/\/freibad.tvholzheim.de\/freibad\/wp-content\/uploads\/2022\/05\/Freibad_LB_01_2020.jpg 1440w\" sizes=\"250px\"\/><\/a><div class=\"sgb-item-caption\"><em>DCIM\\100MEDIA\\DJI_0466.JPG<\/em><\/div><\/div><div class=\"sgb-item\"><a href=\"https:\/\/freibad.tvholzheim.de\/freibad\/startseite\/freibad_logo\/\" target=\"_blank\"><img decoding=\"async\" alt=\"\" width=\"300\" height=\"138\" loading=\"lazy\" src=\"https:\/\/freibad.tvholzheim.de\/freibad\/wp-content\/uploads\/2022\/05\/Freibad_Logo-300x138.jpg\" srcset=\"https:\/\/freibad.tvholzheim.de\/freibad\/wp-content\/uploads\/2022\/05\/Freibad_Logo-300x138.jpg 300w,https:\/\/freibad.tvholzheim.de\/freibad\/wp-content\/uploads\/2022\/05\/Freibad_Logo-1024x471.jpg 1024w,https:\/\/freibad.tvholzheim.de\/freibad\/wp-content\/uploads\/2022\/05\/Freibad_Logo.jpg 1440w\" sizes=\"250px\"\/><\/a><\/div><div class=\"sgb-item\"><a href=\"https:\/\/freibad.tvholzheim.de\/freibad\/startseite\/dcim100mediadji_0462-jpg\/\" target=\"_blank\"><img decoding=\"async\" alt=\"\" width=\"300\" height=\"169\" loading=\"lazy\" src=\"https:\/\/freibad.tvholzheim.de\/freibad\/wp-content\/uploads\/2022\/05\/Freibad_LB_02_2020-300x169.jpg\" srcset=\"https:\/\/freibad.tvholzheim.de\/freibad\/wp-content\/uploads\/2022\/05\/Freibad_LB_02_2020-300x169.jpg 300w,https:\/\/freibad.tvholzheim.de\/freibad\/wp-content\/uploads\/2022\/05\/Freibad_LB_02_2020-1024x576.jpg 1024w,https:\/\/freibad.tvholzheim.de\/freibad\/wp-content\/uploads\/2022\/05\/Freibad_LB_02_2020.jpg 1440w\" sizes=\"250px\"\/><\/a><div class=\"sgb-item-caption\"><em>DCIM\\100MEDIA\\DJI_0462.JPG<\/em><\/div><\/div><\/div><\/div><script type=\"application\/json\" class=\"sgb-data\">{\"externalLink\":false,\"captions\":false,\"collectionThumbSubMenuDownload\":false,\"collectionThumbSubMenuShare\":false,\"sliderMaxHeight\":500,\"sliderAdminWidth\":1056,\"collectionColumns\":1,\"sliderThumbsNavi\":false,\"sliderDotNavi\":true,\"autoPlay\":true,\"autoPlayDelay\":5,\"galleryType\":\"pgc_sgb_slider\",\"galleryId\":\"a1b68360\",\"images\":[{\"id\":135,\"title\":\"Freibad_2021\",\"url\":\"https:\/\/freibad.tvholzheim.de\/freibad\/wp-content\/uploads\/2022\/05\/Freibad_2021.jpg\",\"link\":\"https:\/\/freibad.tvholzheim.de\/freibad\/startseite\/freibad_2021\/\",\"alt\":\"\",\"description\":\"\",\"caption\":\"\",\"mime\":\"image\/jpeg\",\"type\":\"image\",\"width\":1440,\"height\":1080,\"sizes\":{\"thumbnail\":{\"height\":150,\"width\":150,\"url\":\"https:\/\/freibad.tvholzheim.de\/freibad\/wp-content\/uploads\/2022\/05\/Freibad_2021-150x150.jpg\",\"orientation\":\"landscape\"},\"medium\":{\"height\":225,\"width\":300,\"url\":\"https:\/\/freibad.tvholzheim.de\/freibad\/wp-content\/uploads\/2022\/05\/Freibad_2021-300x225.jpg\",\"orientation\":\"landscape\"},\"large\":{\"height\":768,\"width\":1024,\"url\":\"https:\/\/freibad.tvholzheim.de\/freibad\/wp-content\/uploads\/2022\/05\/Freibad_2021-1024x768.jpg\",\"orientation\":\"landscape\"},\"full\":{\"url\":\"https:\/\/freibad.tvholzheim.de\/freibad\/wp-content\/uploads\/2022\/05\/Freibad_2021.jpg\",\"height\":1080,\"width\":1440,\"orientation\":\"landscape\"}},\"meta\":false,\"postlink\":\"https:\/\/freibad.tvholzheim.de\/freibad\/startseite\/freibad_2021\/\"},{\"id\":134,\"title\":\"DCIM\\\\100MEDIA\\\\DJI_0466.JPG\",\"url\":\"https:\/\/freibad.tvholzheim.de\/freibad\/wp-content\/uploads\/2022\/05\/Freibad_LB_01_2020.jpg\",\"link\":\"https:\/\/freibad.tvholzheim.de\/freibad\/startseite\/dcim100mediadji_0466-jpg\/\",\"alt\":\"\",\"description\":\"\",\"caption\":\"DCIM\\\\100MEDIA\\\\DJI_0466.JPG\",\"mime\":\"image\/jpeg\",\"type\":\"image\",\"width\":1440,\"height\":810,\"sizes\":{\"thumbnail\":{\"height\":150,\"width\":150,\"url\":\"https:\/\/freibad.tvholzheim.de\/freibad\/wp-content\/uploads\/2022\/05\/Freibad_LB_01_2020-150x150.jpg\",\"orientation\":\"landscape\"},\"medium\":{\"height\":169,\"width\":300,\"url\":\"https:\/\/freibad.tvholzheim.de\/freibad\/wp-content\/uploads\/2022\/05\/Freibad_LB_01_2020-300x169.jpg\",\"orientation\":\"landscape\"},\"large\":{\"height\":576,\"width\":1024,\"url\":\"https:\/\/freibad.tvholzheim.de\/freibad\/wp-content\/uploads\/2022\/05\/Freibad_LB_01_2020-1024x576.jpg\",\"orientation\":\"landscape\"},\"full\":{\"url\":\"https:\/\/freibad.tvholzheim.de\/freibad\/wp-content\/uploads\/2022\/05\/Freibad_LB_01_2020.jpg\",\"height\":810,\"width\":1440,\"orientation\":\"landscape\"}},\"meta\":false,\"postlink\":\"https:\/\/freibad.tvholzheim.de\/freibad\/startseite\/dcim100mediadji_0466-jpg\/\"},{\"id\":136,\"title\":\"Freibad_Logo\",\"url\":\"https:\/\/freibad.tvholzheim.de\/freibad\/wp-content\/uploads\/2022\/05\/Freibad_Logo.jpg\",\"link\":\"https:\/\/freibad.tvholzheim.de\/freibad\/startseite\/freibad_logo\/\",\"alt\":\"\",\"description\":\"\",\"caption\":\"\",\"mime\":\"image\/jpeg\",\"type\":\"image\",\"width\":1440,\"height\":663,\"sizes\":{\"thumbnail\":{\"height\":150,\"width\":150,\"url\":\"https:\/\/freibad.tvholzheim.de\/freibad\/wp-content\/uploads\/2022\/05\/Freibad_Logo-150x150.jpg\",\"orientation\":\"landscape\"},\"medium\":{\"height\":138,\"width\":300,\"url\":\"https:\/\/freibad.tvholzheim.de\/freibad\/wp-content\/uploads\/2022\/05\/Freibad_Logo-300x138.jpg\",\"orientation\":\"landscape\"},\"large\":{\"height\":471,\"width\":1024,\"url\":\"https:\/\/freibad.tvholzheim.de\/freibad\/wp-content\/uploads\/2022\/05\/Freibad_Logo-1024x471.jpg\",\"orientation\":\"landscape\"},\"full\":{\"url\":\"https:\/\/freibad.tvholzheim.de\/freibad\/wp-content\/uploads\/2022\/05\/Freibad_Logo.jpg\",\"height\":663,\"width\":1440,\"orientation\":\"landscape\"}},\"meta\":false,\"postlink\":\"https:\/\/freibad.tvholzheim.de\/freibad\/startseite\/freibad_logo\/\"},{\"id\":137,\"title\":\"DCIM\\\\100MEDIA\\\\DJI_0462.JPG\",\"url\":\"https:\/\/freibad.tvholzheim.de\/freibad\/wp-content\/uploads\/2022\/05\/Freibad_LB_02_2020.jpg\",\"link\":\"https:\/\/freibad.tvholzheim.de\/freibad\/startseite\/dcim100mediadji_0462-jpg\/\",\"alt\":\"\",\"description\":\"\",\"caption\":\"DCIM\\\\100MEDIA\\\\DJI_0462.JPG\",\"mime\":\"image\/jpeg\",\"type\":\"image\",\"width\":1440,\"height\":810,\"sizes\":{\"thumbnail\":{\"height\":150,\"width\":150,\"url\":\"https:\/\/freibad.tvholzheim.de\/freibad\/wp-content\/uploads\/2022\/05\/Freibad_LB_02_2020-150x150.jpg\",\"orientation\":\"landscape\"},\"medium\":{\"height\":169,\"width\":300,\"url\":\"https:\/\/freibad.tvholzheim.de\/freibad\/wp-content\/uploads\/2022\/05\/Freibad_LB_02_2020-300x169.jpg\",\"orientation\":\"landscape\"},\"large\":{\"height\":576,\"width\":1024,\"url\":\"https:\/\/freibad.tvholzheim.de\/freibad\/wp-content\/uploads\/2022\/05\/Freibad_LB_02_2020-1024x576.jpg\",\"orientation\":\"landscape\"},\"full\":{\"url\":\"https:\/\/freibad.tvholzheim.de\/freibad\/wp-content\/uploads\/2022\/05\/Freibad_LB_02_2020.jpg\",\"height\":810,\"width\":1440,\"orientation\":\"landscape\"}},\"meta\":false,\"postlink\":\"https:\/\/freibad.tvholzheim.de\/freibad\/startseite\/dcim100mediadji_0462-jpg\/\"}],\"galleryData\":\"{\\u0022collectionThumbRecomendedWidth\\u0022:200,\\u0022thumbSpacing\\u0022:5,\\u0022thumbMobileSpacing\\u0022:5,\\u0022externalLink\\u0022:false,\\u0022externalLinkDefName\\u0022:\\u0022Read More\\u0022,\\u0022externalLinkTextColor\\u0022:\\u0022rgba(0,0,0,1)\\u0022,\\u0022externalLinkBgColor\\u0022:\\u0022rgba(255,255,255,1)\\u0022,\\u0022externalLinkFontSize\\u0022:18,\\u0022captions\\u0022:false,\\u0022captionSrc\\u0022:\\u0022caption\\u0022,\\u0022captionHAlign\\u0022:\\u0022top\\u0022,\\u0022collectionthumbHoverTitleFontSize\\u0022:18,\\u0022collectionthumbRoundedCorners\\u0022:0,\\u0022collectionthumbHoverTitleTextColor\\u0022:\\u0022rgba(255,255,255,1)\\u0022,\\u0022collectionthumbHoverTitleTextBgColor\\u0022:\\u0022rgba(0,0,0,0.8)\\u0022,\\u0022collectionthumbHoverBgColor\\u0022:\\u0022rgba(0,0,0,0.4)\\u0022,\\u0022collectionThumbSubMenuDownload\\u0022:false,\\u0022collectionThumbSubMenuShare\\u0022:false,\\u0022collectionThumbSubMenuBgColor\\u0022:\\u0022rgba(0,0,0,0.4)\\u0022,\\u0022collectionThumbSubMenuBgColorHover\\u0022:\\u0022rgba(255,255,255,1)\\u0022,\\u0022collectionThumbSubMenuIconColor\\u0022:\\u0022rgba(255,255,255,1)\\u0022,\\u0022collectionThumbSubMenuIconColorHover\\u0022:\\u0022rgba(0,0,0,1)\\u0022,\\u0022collectionthumbColorsFilter\\u0022:\\u0022none\\u0022,\\u0022sliderItemBgColor\\u0022:\\u0022rgba(0,0,0,0)\\u0022,\\u0022sliderItemBorderColor\\u0022:\\u0022rgba(255,255,255,1)\\u0022,\\u0022sliderItemBorderWidth\\u0022:0,\\u0022sliderItemFill\\u0022:\\u0022true\\u0022,\\u0022sliderMaxHeight\\u0022:500,\\u0022sliderAdminWidth\\u0022:1056,\\u0022responsiveHeight\\u0022:false,\\u0022collectionColumns\\u0022:1,\\u0022sliderAnimation\\u0022:\\u0022animation\\u0022,\\u0022sliderNextPrevNavigation\\u0022:true,\\u0022sliderNextPrevBgColor\\u0022:\\u0022rgba(255,255,255,1)\\u0022,\\u0022sliderNextPrevBgColorHover\\u0022:\\u0022rgba(0,0,0,1)\\u0022,\\u0022sliderNextPrevIconColor\\u0022:\\u0022rgba(0,0,0,1)\\u0022,\\u0022sliderNextPrevIconColorHover\\u0022:\\u0022rgba(255,255,255,1)\\u0022,\\u0022sliderThumbsNavi\\u0022:false,\\u0022sliderThumbsNaviColor\\u0022:\\u0022rgba(255,255,255,1)\\u0022,\\u0022sliderDotNavi\\u0022:true,\\u0022sliderDotNaviBgColor\\u0022:\\u0022rgba(0,0,0,.4)\\u0022,\\u0022sliderDotNaviBgColorHover\\u0022:\\u0022rgba(255,255,255,1)\\u0022,\\u0022autoPlay\\u0022:true,\\u0022autoPlayDelay\\u0022:5,\\u0022autoPlayMouseStoper\\u0022:true,\\u0022settingsModalIsOpen\\u0022:false,\\u0022galleryType\\u0022:\\u0022pgc_sgb_slider\\u0022,\\u0022align\\u0022:\\u0022\\u0022,\\u0022galleryId\\u0022:\\u0022a1b68360\\u0022,\\u0022tagsListCustomMode\\u0022:false,\\u0022initGalleryByFirstTag\\u0022:false,\\u0022deepLinkingForTag\\u0022:false,\\u0022galleryTagsList\\u0022:[],\\u0022useClobalSettings\\u0022:false,\\u0022orderBy\\u0022:\\u0022custom\\u0022,\\u0022deepLinking\\u0022:false,\\u0022useLightbox\\u0022:true,\\u0022thumbClickAction\\u0022:\\u0022useLightbox\\u0022,\\u0022numItemsDisplayed\\u0022:0,\\u0022lazyLoading\\u0022:true,\\u0022contentNoPadding\\u0022:false,\\u0022galleryPreloaderColor\\u0022:\\u0022rgba(230,230,230,1)\\u0022,\\u0022galleryBgColor\\u0022:\\u0022rgba(0,0,0,0)\\u0022,\\u0022galleryBorderRadius\\u0022:0,\\u0022customCSS\\u0022:\\u0022\\u0022,\\u0022tagsFilter\\u0022:false,\\u0022tagCloudAll\\u0022:\\u0022All\\u0022,\\u0022tagCloudBgColor\\u0022:\\u0022rgba(153,153,153,1)\\u0022,\\u0022tagCloudBgColorOver\\u0022:\\u0022rgba(253,253,253,1)\\u0022,\\u0022tagCloudTextColor\\u0022:\\u0022rgba(253,253,253,1)\\u0022,\\u0022tagCloudTextColorOver\\u0022:\\u0022rgba(153,153,153,1)\\u0022,\\u0022tagCloudFontSize\\u0022:16,\\u0022modaBgColor\\u0022:\\u0022rgba(0,0,0,0.8)\\u0022,\\u0022modalIconColor\\u0022:\\u0022rgba(255,255,255,1)\\u0022,\\u0022modalIconColorHover\\u0022:\\u0022rgba(255,255,255,0.8)\\u0022,\\u0022shareFacebook\\u0022:true,\\u0022shareTwitter\\u0022:true,\\u0022sharePinterest\\u0022:true,\\u0022sliderItemDownload\\u0022:true,\\u0022shareCopyLink\\u0022:true,\\u0022sharePost\\u0022:\\u0022sharelink\\u0022,\\u0022copyRProtection\\u0022:false,\\u0022copyRAlert\\u0022:\\u0022Hello, this photo is mine!\\u0022,\\u0022sliderScrollNavi\\u0022:false,\\u0022sliderFullSizeViewMode\\u0022:false,\\u0022sliderNextPrevAnimation\\u0022:\\u0022animation\\u0022,\\u0022galleryScrollPositionControll\\u0022:false,\\u0022sliderVideoAutoPlay\\u0022:false,\\u0022sliderTryPlayNext\\u0022:false,\\u0022sliderVideoLoop\\u0022:false,\\u0022sliderItemCounterEnable\\u0022:true,\\u0022sliderCaptionSrc\\u0022:\\u0022caption\\u0022,\\u0022sliderItemTitleEnable\\u0022:false,\\u0022sliderItemTitleFontSize\\u0022:18,\\u0022sliderItemTitleTextColor\\u0022:\\u0022rgba(255,255,255,1)\\u0022,\\u0022itemCounterColor\\u0022:\\u0022rgba(255,255,255,1)\\u0022,\\u0022sliderThumbBarEnable\\u0022:true,\\u0022sliderThumbBarHoverColor\\u0022:\\u0022rgba(240,240,240,1)\\u0022,\\u0022sliderBgColor\\u0022:\\u0022rgba(0,0,0,0.8)\\u0022,\\u0022sliderPreloaderColor\\u0022:\\u0022rgba(240,240,240,1)\\u0022,\\u0022sliderHeaderFooterBgColor\\u0022:\\u0022rgba(0,0,0,0.4)\\u0022,\\u0022sliderNavigationColor\\u0022:\\u0022rgba(0,0,0,1)\\u0022,\\u0022sliderNavigationColorOver\\u0022:\\u0022rgba(255,255,255,1)\\u0022,\\u0022sliderNavigationIconColor\\u0022:\\u0022rgba(255,255,255,1)\\u0022,\\u0022sliderNavigationIconColorOver\\u0022:\\u0022rgba(0,0,0,1)\\u0022,\\u0022sliderSlideshow\\u0022:true,\\u0022sliderSlideshowDelay\\u0022:8,\\u0022slideshowIndicatorColor\\u0022:\\u0022rgba(255,255,255,1)\\u0022,\\u0022slideshowIndicatorColorBg\\u0022:\\u0022rgba(255,255,255,0.5)\\u0022,\\u0022sliderThumbSubMenuBackgroundColor\\u0022:\\u0022rgba(255,255,255,0)\\u0022,\\u0022sliderThumbSubMenuBackgroundColorOver\\u0022:\\u0022rgba(255,255,255,1)\\u0022,\\u0022sliderThumbSubMenuIconColor\\u0022:\\u0022rgba(255,255,255,1)\\u0022,\\u0022sliderThumbSubMenuIconHoverColor\\u0022:\\u0022rgba(0,0,0,1)\\u0022,\\u0022sliderSocialShareEnabled\\u0022:true,\\u0022sliderZoomEnable\\u0022:true,\\u0022sliderFullscreenEnabled\\u0022:true,\\u0022skin\\u0022:\\u0022slider\\u0022}\",\"itemsMetaDataCollection\":[]}<\/script><script>(function(){if(window.PGC_SGB && window.PGC_SGB.searcher){window.PGC_SGB.searcher.initBlocks()}})()<\/script><\/div>\n\n\n<hr class=\"wp-block-separator has-css-opacity\"\/>\n\n\n\n<h2 class=\"wp-block-heading\">Aktuelles<\/h2>\n\n\n<ul class=\"wp-block-latest-posts__list has-dates wp-block-latest-posts\"><li><a class=\"wp-block-latest-posts__post-title\" href=\"https:\/\/freibad.tvholzheim.de\/freibad\/hello-world\/\">Vorbereitungen laufen &#8230;<\/a><time datetime=\"2025-04-23T09:30:10+00:00\" class=\"wp-block-latest-posts__post-date\">23. April 2025<\/time><div class=\"wp-block-latest-posts__post-excerpt\">auf Hochtouren. Die Becken warten auf einen neuen Farbanstrich und die Au\u00dfenanlagen auf Pflege. Wir hoffen wieder auf viele Vereinsmitglieder und Freunde des Freibades um alles auf Vordermann zu bringen.<\/div><\/li>\n<li><a class=\"wp-block-latest-posts__post-title\" href=\"https:\/\/freibad.tvholzheim.de\/freibad\/schwimmkurs-die-2te\/\">Ein weiterer Schwimmkurs startet &#8230;<\/a><time datetime=\"2024-07-22T08:38:07+00:00\" class=\"wp-block-latest-posts__post-date\">22. Juli 2024<\/time><div class=\"wp-block-latest-posts__post-excerpt\">In der Zeit vom 19. &#8211; 30. August 2024 findet ein weiterer Schwimmkurs statt.Er ist kommende Erst- und Zweitkl\u00e4ssler ausgerichtet.Anmeldung unter schwimmkurs@tvholzheim.de<\/div><\/li>\n<li><a class=\"wp-block-latest-posts__post-title\" href=\"https:\/\/freibad.tvholzheim.de\/freibad\/badesaison-2024-startet\/\">Badesaison 2024 startet &#8230;<\/a><time datetime=\"2024-05-26T15:56:06+00:00\" class=\"wp-block-latest-posts__post-date\">26. Mai 2024<\/time><div class=\"wp-block-latest-posts__post-excerpt\">am Donnerstag, 30.05.2024 \u00f6ffnen sich im Friedericke Wackler Freibad wieder die Tore. Die Vorbereitungen sind abgeschlossen und wir hoffen, dass uns das Wetter positiv gestimmt ist, um ab Donnerstag den\u00a0\u2026 <a href=\"https:\/\/freibad.tvholzheim.de\/freibad\/badesaison-2024-startet\/\" rel=\"noopener noreferrer\">Weiterlesen<span class=\"screen-reader-text\">: Badesaison 2024 startet &#8230;<\/span><\/a><\/div><\/li>\n<li><a class=\"wp-block-latest-posts__post-title\" href=\"https:\/\/freibad.tvholzheim.de\/freibad\/sa-09-07-2022-ist-das-freibad-geschlossen\/\">Das Friederike Wackler Freibad schlie\u00dft die Tore &#8230;<\/a><time datetime=\"2023-06-29T13:55:22+00:00\" class=\"wp-block-latest-posts__post-date\">29. Juni 2023<\/time><div class=\"wp-block-latest-posts__post-excerpt\">und beendet die Badesaison 2023.Das Freibadteam des TV Holzheim bedankt sich bei allen Badeg\u00e4sten f\u00fcr den Besuch in der Saison 2023.Wir freuen uns auf ein Wiedersehen in 2024.<\/div><\/li>\n<\/ul>","protected":false},"excerpt":{"rendered":"<p>Herzlich Willkommen im Friederike Wackler Freibad Das Friederike Wackler Freibad \u00f6ffnet die Tore \u2026 die geplante \u00d6ffnung ist f\u00fcr Sonntag, 01.06.2025 vorgesehen. Sofern die Vorbereitungen planm\u00e4\u00dfig ablaufen und uns keine b\u00f6sen \u00dcberraschungen erwarten, werden wir am &#8222;Maientags-Sonntag&#8220; die Toren \u00f6ffnen.Wir freuen uns wieder auf viele, gutgelaunte Badeg\u00e4ste, die in unserem &#8222;B\u00e4dle&#8220; Entspannung, Spa\u00df und Sport [&hellip;]<\/p>\n","protected":false},"author":1,"featured_media":0,"parent":0,"menu_order":0,"comment_status":"closed","ping_status":"closed","template":"","meta":{"site-sidebar-layout":"default","site-content-layout":"default","ast-site-content-layout":"default","site-content-style":"default","site-sidebar-style":"default","ast-global-header-display":"","ast-banner-title-visibility":"","ast-main-header-display":"","ast-hfb-above-header-display":"","ast-hfb-below-header-display":"","ast-hfb-mobile-header-display":"","site-post-title":"","ast-breadcrumbs-content":"","ast-featured-img":"","footer-sml-layout":"","theme-transparent-header-meta":"default","adv-header-id-meta":"","stick-header-meta":"","header-above-stick-meta":"","header-main-stick-meta":"","header-below-stick-meta":"","astra-migrate-meta-layouts":"set","ast-page-background-enabled":"default","ast-page-background-meta":{"desktop":{"background-color":"","background-image":"","background-repeat":"repeat","background-position":"center center","background-size":"auto","background-attachment":"scroll","background-type":"","background-media":"","overlay-type":"","overlay-color":"","overlay-opacity":"","overlay-gradient":""},"tablet":{"background-color":"","background-image":"","background-repeat":"repeat","background-position":"center center","background-size":"auto","background-attachment":"scroll","background-type":"","background-media":"","overlay-type":"","overlay-color":"","overlay-opacity":"","overlay-gradient":""},"mobile":{"background-color":"","background-image":"","background-repeat":"repeat","background-position":"center center","background-size":"auto","background-attachment":"scroll","background-type":"","background-media":"","overlay-type":"","overlay-color":"","overlay-opacity":"","overlay-gradient":""}},"ast-content-background-meta":{"desktop":{"background-color":"var(--ast-global-color-5)","background-image":"","background-repeat":"repeat","background-position":"center center","background-size":"auto","background-attachment":"scroll","background-type":"","background-media":"","overlay-type":"","overlay-color":"","overlay-opacity":"","overlay-gradient":""},"tablet":{"background-color":"var(--ast-global-color-5)","background-image":"","background-repeat":"repeat","background-position":"center center","background-size":"auto","background-attachment":"scroll","background-type":"","background-media":"","overlay-type":"","overlay-color":"","overlay-opacity":"","overlay-gradient":""},"mobile":{"background-color":"var(--ast-global-color-5)","background-image":"","background-repeat":"repeat","background-position":"center center","background-size":"auto","background-attachment":"scroll","background-type":"","background-media":"","overlay-type":"","overlay-color":"","overlay-opacity":"","overlay-gradient":""}},"pgc_sgb_lightbox_settings":"","footnotes":""},"_links":{"self":[{"href":"https:\/\/freibad.tvholzheim.de\/freibad\/wp-json\/wp\/v2\/pages\/20"}],"collection":[{"href":"https:\/\/freibad.tvholzheim.de\/freibad\/wp-json\/wp\/v2\/pages"}],"about":[{"href":"https:\/\/freibad.tvholzheim.de\/freibad\/wp-json\/wp\/v2\/types\/page"}],"author":[{"embeddable":true,"href":"https:\/\/freibad.tvholzheim.de\/freibad\/wp-json\/wp\/v2\/users\/1"}],"replies":[{"embeddable":true,"href":"https:\/\/freibad.tvholzheim.de\/freibad\/wp-json\/wp\/v2\/comments?post=20"}],"version-history":[{"count":43,"href":"https:\/\/freibad.tvholzheim.de\/freibad\/wp-json\/wp\/v2\/pages\/20\/revisions"}],"predecessor-version":[{"id":299,"href":"https:\/\/freibad.tvholzheim.de\/freibad\/wp-json\/wp\/v2\/pages\/20\/revisions\/299"}],"wp:attachment":[{"href":"https:\/\/freibad.tvholzheim.de\/freibad\/wp-json\/wp\/v2\/media?parent=20"}],"curies":[{"name":"wp","href":"https:\/\/api.w.org\/{rel}","templated":true}]}}